09, 419
List the prime factors of 1137387.
3, 271, 1399
What are the prime factors of 1507620?
2, 3, 5, 25127
List the prime factors of 9916890.
2, 3, 5, 330563
List the prime factors of 3547562.
2, 1773781
What are the prime factors of 8814340?
2, 5, 440717
List the prime factors of 752971.
53, 14207
What are the prime factors of 3189347?
7, 673, 677
What are the prime factors of 299962?
2, 13, 83, 139
List the prime factors of 1231903.
19, 23, 2819
List the prime factors of 5104446.
2, 3, 37, 22993
What are the prime factors of 252279?
3, 28031
What are the prime factors of 131114?
2, 65557
List the prime factors of 83067.
3, 27689
What are the prime factors of 3788480?
2, 5, 11839
List the prime factors of 42477.
3, 14159
What are the prime factors of 11646310?
2, 5, 13, 101, 887
What are the prime factors of 74994?
2, 3, 29, 431
List the prime factors of 1403274.
2, 3, 233879
List the prime factors of 14274859.
37, 193, 1999
List the prime factors of 5218130.
2, 5, 521813
What are the prime factors of 1643781?
3, 17, 167, 193
What are the prime factors of 3542172?
2, 3, 229, 1289
List the prime factors of 9232558.
2, 191, 24169
List the prime factors of 2618589.
3, 872863
List the prime factors of 666069.
3, 222023
What are the prime factors of 739290?
2, 3, 5, 19, 1297
What are the prime factors of 3367502?
2, 43, 39157
What are the prime factors of 521651?
13, 40127
List the prime factors of 270588.
2, 3, 22549
List the prime factors of 716701.
131, 5471
List the prime factors of 451856.
2, 31, 911
List the prime factors of 1354477.
83, 16319
List the prime factors of 19326920.
2, 5, 103, 4691
What are the prime factors of 3482360?
2, 5, 7, 12437
What are the prime factors of 3727127?
23, 347, 467
List the prime factors of 1476703.
1476703
List the prime factors of 17133843.
3, 67, 85243
List the prime factors of 15135357.
3, 23, 219353
What are the prime factors of 4805089?
97, 49537
List the prime factors of 217044.
2, 3, 6029
What are the prime factors of 1105429?
13, 31, 211
What are the prime factors of 5958064?
2, 7, 53197
List the prime factors of 11884423.
2309, 5147
What are the prime factors of 88765?
5, 41, 433
What are the prime factors of 12432205?
5, 47, 52903
List the prime factors of 134572.
2, 17, 1979
List the prime factors of 1398830.
2, 5, 139883
What are the prime factors of 2232108?
2, 3, 62003
What are the prime factors of 59792?
2, 37, 101
What are the prime factors of 43227?
3, 1601
What are the prime factors of 810214?
2, 193, 2099
What are the prime factors of 2952073?
23, 128351
What are the prime factors of 1850901?
3, 13, 47459
List the prime factors of 77765.
5, 103, 151
What are the prime factors of 265280?
2, 5, 829
What are the prime factors of 14718181?
941, 15641
What are the prime factors of 17970170?
2, 5, 1797017
List the prime factors of 137704.
2, 7, 2459
What are the prime factors of 87868?
2, 11, 1997
What are the prime factors of 1911895?
5, 59, 6481
What are the prime factors of 307741?
7, 43963
List the prime factors of 1116925.
5, 43, 1039
What are the prime factors of 2010471?
3, 17, 79, 499
What are the prime factors of 5516114?
2, 269, 10253
What are the prime factors of 1638195?
3, 5, 13, 31, 271
List the prime factors of 2466176.
2, 19267
List the prime factors of 254726.
2, 127363
What are the prime factors of 1350470?
2, 5, 11, 12277
List the prime factors of 2760423.
3, 29, 31729
List the prime factors of 1565941.
13, 163, 739
List the prime factors of 1571999.
11, 13, 10993
List the prime factors of 11592501.
3, 61, 63347
List the prime factors of 59893.
101, 593
What are the prime factors of 9992180?
2, 5, 11, 4129
List the prime factors of 15164282.
2, 7, 991, 1093
What are the prime factors of 96806?
2, 97, 499
List the prime factors of 25388011.
11, 2308001
List the prime factors of 64804.
2, 17, 953
List the prime factors of 1510554.
2, 3, 271, 929
What are the prime factors of 12293808?
2, 3, 256121
What are the prime factors of 7112745?
3, 5, 19, 47, 59
What are the prime factors of 4633532?
2, 1158383
What are the prime factors of 578467?
578467
List the prime factors of 8837739.
3, 17, 47, 1229
What are the prime factors of 106429?
71, 1499
List the prime factors of 1018990.
2, 5, 7, 14557
What are the prime factors of 78572?
2, 13, 1511
List the prime factors of 189716.
2, 43, 1103
List the prime factors of 1461375.
3, 5, 433
List the prime factors of 106281.
3, 7, 241
What are the prime factors of 219963?
3, 17, 19, 227
List the prime factors of 1154340.
2, 3, 5, 11, 53
What are the prime factors of 25449?
3, 17, 499
List the prime factors of 7036876.
2, 7, 11, 31, 67
What are the prime factors of 786763?
786763
List the prime factors of 111527.
13, 23, 373
List the prime factors of 59514.
2, 3, 7, 13, 109
List the prime factors of 8569986.
2, 3, 43, 59, 563
List the prime factors of 13402866.
2, 3, 19, 89, 1321
What are the prime factors of 249425?
5, 11, 907
What are the prime factors of 397681?
17, 149, 157
List the prime factors of 786938.
2, 89, 4421
What are the prime factors of 4054089?
3, 13, 103951
List the prime factors of 548817.
3, 61, 2999
List the prime factors of 311275.
5, 12451
What are the prime factors of 9307?
41, 227
What are the prime factors of 325778?
2, 162889
List the prime factors of 328452.
2, 3, 101, 271
List the prime factors of 839437.
839437
List the prime factors of 1312655.
5, 17, 15443
What are the prime factors of 6901454?
2, 7, 70423
List the prime factors of 4958733.
3, 13, 53, 2399
List the prime factors of 206648.
2, 13, 1987
What are the prime factors of 4021939?
19, 211681
What are the prime factors of 802084?
2, 239, 839
What are the prime factors of 770405?
5, 154081
List the prime factors of 3617228.
2, 29, 31183
List the prime factors of 2627004.
2, 3, 179, 1223
List the prime factors of 4432101.
3, 31, 47657
List the prime factors of 7547311.
263, 28697
What are the prime factors of 180265?
5, 31, 1163
List the prime factors of 43577.
43577
What are the prime factors of 33304320?
2, 3, 5, 7, 59
List the prime factors of 3030676.
2, 11, 68879
List the prime factors of 223894.
2, 11, 10177
List the prime factors of 91722.
2, 3, 15287
What are the prime factors of 148115?
5, 11, 2693
What are the prime factors of 315530?
2, 5, 139, 227
List the prime factors of 748174.
2, 7, 53441
List the prime factors of 2224357.
53, 41969
List the prime factors of 85658.
2, 42829
List the prime factors of 2247340.
2, 5, 313, 359
What are the prime factors of 8263015?
5, 967, 1709
List the prime factors of 1540363.
11, 233, 601
List the prime factors of 6176882.
2, 17, 139, 1307
What are the prime factors of 447535?
5, 11, 79, 103
List the prime factors of 1263801.
3, 7, 11, 5471
What are the prime factors of 4467840?
2, 3, 5, 13, 179
What are the prime factors of 51680?
2, 5, 17, 19
List the prime factors of 2434430.
2, 5, 31, 7853
List the prime factors of 607258.
2, 211, 1439
What are the prime factors of 955414?
2, 37, 12911
What are the prime factors of 1176494?
2, 11, 53, 1009
What are the prime factors of 424349?
73, 5813
What are the prime factors of 494605?
5, 31, 3191
What are the prime factors of 27001?
13, 31, 67
What are the prime factors of 2503524?
2, 3, 208627
List the prime factors of 4756845.
3, 5, 317123
What are the prime factors of 4116647?
331, 12437
What are the prime factors of 21026418?
2, 3, 7, 500629
What are the prime factors of 528751?
17, 19, 1637
List the prime factors of 1146930.
2, 3, 5, 38231
List the prime factors of 6447097.
17, 541, 701
What are the prime factors of 513027?
3, 19001
What are the prime factors of 216945?
3, 5, 1607
List the prime factors of 357870.
2, 3, 5, 79, 151
List the prime factors of 257415.
3, 5, 131
What are the prime factors of 7822027?
79, 99013
What are the prime factors of 1530233?
1530233
What are the prime factors of 29481459?
3, 7, 1403879
List the prime factors of 26713453.
13, 2054881
List the prime factors of 28514276.
2, 7, 2969
List the prime factors of 40451934.
2, 3, 59, 229, 499
List the prime factors of 650013.
3, 7, 13, 2381
What are the prime factors of 234563?
7, 4787
List the prime factors of 1355853.
3, 283, 1597
What are the prime factors of 236876?
2, 592